5895 - 1568. Is i a composite number?
False
Suppose 0*i = -i - 25. Let s = 78 + i. Is s prime?
True
Let g(w) = 3*w**2 - 8*w + 11. Is g(6) a prime number?
True
Suppose b - 5*m = -8, -b = -0*m + m - 4. Suppose -b*q = q - 69. Is q a composite number?
False
Let s be ((-8)/(-12) + -1)*-3. Is 1*(s + (3 - -75)) a prime number?
True
Let w = 446 + -31. Is w composite?
True
Suppose 0*k + 4 = 4*k. Let b be -1*k*(-4 + 12). Let m = b + 105. Is m a composite number?
False
Suppose -2*l - 2*t = -4*t - 294, 0 = -3*l - 5*t + 457. Is l composite?
False
Is (1/4*-4198)/(1/(-2)) a prime number?
True
Suppose 2*o = -y + 5*o - 3, 3*y + 2*o = 2. Suppose 2*k + k = -w + 14, -2*k - 4*w + 16 = y. Suppose 0 = 2*b + m - 473, 0*m + 955 = k*b + 5*m. Is b prime?
False
Suppose -4566 = -8*l + 3986. Is l prime?
True
Let p(y) = -y**2 - 4*y - 3. Let k be p(-3). Suppose h - 16 - 51 = k. Is h composite?
False
Suppose -4*w - 51 = -5*w. Is w prime?
False
Let d(g) = 18*g**3 + 2*g**2 - 5*g + 1. Let i be d(-3). Is (i/12)/((-3)/9) prime?
True
Let w = -12 + 20. Suppose 4 = -2*z + w. Suppose -261 = -z*x - x. Is x prime?
False
Let i = 378 + 109. Is i composite?
False
Is ((-36012)/3)/(-4) - (0 + 2) a composite number?
False
Let v = 96 - -704. Suppose -5*t - 3*b = -v, -4*t + 6*t = -5*b + 339. Is t a prime number?
True
Let n(s) = 3*s. Let o be n(2). Let a(r) = -r**2 + 7*r - 3. Let z be a(o). Is (-78 + (-3)/z)/(-1) a composite number?
False
Suppose -2*u - 2935 = -5*o + 3*u, 0 = -5*u - 15. Suppose -5*j - 9 + o = 0. Is j composite?
True
Suppose 2*l + 5*f - 455 = 636, 2*l = f + 1109. Is l a prime number?
False
Is (-2)/4*1*-298 a prime number?
True
Let b be 1/(-1)*-5 + -3. Suppose -362 - 44 = -b*m. Is m a prime number?
False
Let h(o) be the third derivative of o**6/120 + o**5/6 - 7*o**4/24 + 7*o**3/6 + o**2. Is h(-10) a prime number?
False
Let t = 125 + -88. Is t composite?
False
Suppose 6*v - 422 - 154 = 0. Suppose -4*h + 6 = -6. Suppose h*f - v = -33. Is f prime?
False
Let y(d) = d**3 + 4*d - 2. Let l be y(-4). Let q = 154 + l. Suppose -3*p - q = -3*r, -2*r = -2*p - p - 47. Is r prime?
False
Suppose -3*n + f + 3487 = 0, 4*f - 3497 = -2*n - n. Is n composite?
False
Suppose -4*z + 3487 = 5*i, -4*i + 2774 = -2*z - 0*z. Is i a prime number?
False
Suppose -8 + 245 = 3*q. Is q a prime number?
True
Let f = -14 - -31. Let i be 5*(14/(-10) + 2). Suppose i*y - 47 + f = 0. Is y a composite number?
True
Suppose 0 = -5*a - 4*g + 10, -5*a - 3*g = -7*g - 10. Suppose 6*m - a*s = 2*m + 772, -3*s = -3*m + 585. Is m a prime number?
True
Suppose -g - 4*g + 3205 = 3*i, -3*g + 1923 = 4*i. Is g prime?
True
Let o be 2/(((-4)/21)/2). Suppose -5*d + 4*u + u + 190 = 0, 0 = -3*d - 4*u + 86. Let p = d + o. Is p a composite number?
False
Let w = -13 - -7. Let o be w/(0 + -2)*5. Suppose 21 + o = 4*c. Is c prime?
False
Suppose 0 = 4*m - 2*r - 88, 5*r - 3*r + 108 = 5*m. Let h = 14 + m. Suppose u = s + s - 13, 5*s - h = 4*u. Is s prime?
False
Let l = 344 - 129. Suppose 8 - l = -3*g. Is g a prime number?
False
Let y be (-1)/(45/21 + -2). Let z(s) = -s**2 - 6*s + 9. Let d be z(y). Let c = d + 47. Is c a prime number?
False
Suppose -29 = f - 103. Is f a prime number?
False
Suppose 4*f + 7 = 3. Is 1 + (0 + f - -223) prime?
True
Let i be 4/(-18) - (-11215)/45. Suppose -4*k + 159 + 90 = 3*v, -3*k = 3*v - i. Is v a prime number?
True
Suppose 6 = w + 2*w, -3*w - 439 = -b. Suppose c = -2*u - 1481, u + 3*c + b = -308. Let p = -409 - u. Is p a prime number?
False
Let m = -3 - -6. Let g = m - -2. Suppose u = 3*u + l - 247, -2*l - 595 = -g*u. Is u a prime number?
False
Suppose 7*j - 4*j - 633 = 0. Is j a composite number?
False
Let r be 7 + (0 - 1)*-1. Suppose 2*z - 4 = -2*u - 2*z, 4*u - 2*z = r. Suppose x + 2*x - 228 = 3*k, 5*k = u*x - 149. Is x a prime number?
False
Let g(r) = -r**3 - 7*r**2 - 7*r - 4. Let f be g(-6). Suppose -123 - f = -5*x. Is x a composite number?
True
Let c(d) = -5*d - 5. Let m(o) = -11*o - 10. Let y(b) = -11*c(b) + 6*m(b). Is y(-4) prime?
False
Let f be ((-328)/10)/((-2)/15). Let i = -78 - f. Let c = -197 - i. Is c a composite number?
False
Let j(w) = 209*w + 18. Is j(7) a prime number?
True
Let o(x) = -7*x**3 + 2*x**2 + 5*x - 3. Is o(-4) prime?
True
Let p(s) = s**2 - 5*s + 9. Let h be ((-6)/(-10))/(2/20). Let n be p(h). Let c = n - -76. Is c composite?
True
Is 90 - (12/(-4) - -4) composite?
False
Is 1198 - ((1 - -1) + -3) composite?
True
Let t(p) = 9*p**2 - p - 1. Let d = -4 + 1. Is t(d) composite?
False
Let u be (-2)/(-6)*(15 - 0). Suppose u*m = -b + 3*m + 171, 5*m = 2*b - 306. Is b prime?
True
Let d(b) = b**2 + 6*b + 3. Let j be d(-6). Suppose -5*h + 2 = 3*i + 22, 0 = -j*i + h + 4. Suppose 5*m - 2*x - 49 = i, -2 = -4*x + 5*x. Is m prime?
False
Suppose 0 = -5*l + 5*q + 2540, 991 = -l + 3*l + 3*q. Is l a prime number?
True
Let h = -3 + 5. Suppose 2*b = -q + 132, h*q + 270 = 4*b + q. Is b prime?
True
Suppose 3*w = 3*b + 975, -b + 168 + 165 = w. Is w a prime number?
False
Let o(r) = r**2 + r - 2. Let x be o(3). Suppose 5*t - 2*d - 2*d = 42, -15 = -t + 3*d. Let v = x - t. Is v a composite number?
True
Let d(q) = 199*q**3 + 2*q**2 + 2*q + 1. Let h be d(-1). Let y = -139 - h. Is y a prime number?
True
Let a be 1*0/(4 - 2). Let x(m) be the first derivative of -m**2/2 + 25*m - 1. Is x(a) composite?
True
Suppose -3*w + 13 = w + g, -4*w - 4*g + 16 = 0. Is w*4/24*158 prime?
True
Suppose -5018 = -4*a + 6*h - 4*h, -3*h = -3. Is a composite?
True
Let k(d) = 3*d + 2. Let c be k(-2). Let o = c + 8. Suppose 0 = -o*h + 70 + 14. Is h a composite number?
True
Suppose 3*j = 3738 - 891. Is j a prime number?
False
Suppose -4*z = 45 + 203. Let a be (-1)/8*z*4. Suppose a - 171 = -4*y. Is y a composite number?
True
Let b(a) = a**2 - a + 4. Let u be b(-12). Suppose 115 = 5*f - u. Suppose -2*o = f - 273. Is o prime?
True
Let d = 3 + -1. Suppose -c - d*c = -117. Is c prime?
False
Let y = -435 - -2468. Is y a prime number?
False
Let m(u) = 43 - 6 + u**2 + u - 2*u. Is m(0) prime?
True
Let c(d) = d**2 - 3*d + 1. Let n be c(2). Let m(t) = -113*t. Is m(n) a prime number?
True
Let d(k) = k**2 - 5*k - 5. Let z be d(8). Let m(o) = -o**2 + 4*o + 1. Let g be m(3). Let h = z + g. Is h a prime number?
True
Suppose -2*h - 10*h + 660 = 0. Is h a prime number?
False
Is 1/((-2)/4244*-2) a prime number?
True
Suppose d = 4*t - 1060, -2*t = 3*t - 5*d - 1325. Is t prime?
False
Let v(i) = i**3 + 3*i**2 + 3*i + 6. Is v(7) composite?
True
Let w = 1 - -4. Let c(t) = 5*t**2 + t - 1. Let d be c(2). Suppose w*v - 5*h - 78 = -33, 5*v = -3*h + d. Is v a composite number?
True
Is (-9)/(-21) - ((-144748)/28 - 3) a prime number?
False
Let n be 0*((-15)/(-6))/(-5). Let k(m) be the first derivative of -m**3/3 + 161*m + 7. Is k(n) a prime number?
False
Let d(j) = 12*j**2 - 8*j + 5. Suppose 3*m - 1 = 14. Is d(m) a composite number?
True
Suppose -4*s = s - 190. Let j = s + 49. Is j a prime number?
False
Suppose -u = 5*h - 15, 2*u + 3*h - 7*h - 2 = 0. Let y(b) = -b**3 + 5*b**2 + b + 6. Let w be y(u). Let x = w - -102. Is x prime?
True
Suppose -2*i - 5*h - 25 = -8, 4*h = i - 24. Suppose 24 = 5*w + i, -2*g + w = -274. Is g a prime number?
True
Let f be 4*(21/(-12) - 0). Let m be (-2130)/f + 4/(-14). Let z = -141 + m. Is z a composite number?
False
Suppose 0 = 39*j - 36*j - 2163. Is j a prime number?
False
Let h(d) = 2*d**2 - 6*d - 3. Is h(-10) composite?
False
Let u be ((-6)/(-8))/(3/24). Suppose 5*n - 3*g - 12 = -g, u = 2*n - 2*g. Suppose -11 = n*j - 205. Is j prime?
True
Suppose 0 = 4*u - 3*k - 2677, 2*k - 1963 = -3*u + 66. Is u a prime number?
True
Suppose 0 = -8*f + 3*f + 5, 5*z - 5*f + 35 = 0. Is (-2)/(-6)*(-2286)/z prime?
True
Suppose 3*h = 2*y + 534 + 130, 0 = -h - 2*y + 232. Suppose 0 = 2*z + d - 160 - 72, -2*z + h = -3*d. Is z a composite number?
True
Is 154/(-21)*(238/(-4) - 2) a prime number?
False
Is (45 + 4 - 2)*83 composite?
True
Let g be -3 - (-2 + 4) - -4. Let z(t) = -646*t**3 + 2*t**2 + 3*t + 2. Is z(g) a prime number?
True
Let w = 127 + 400. Is w composite?
True
Let l = 143 + -77. Suppose -3*h - l = -6*h. Is h a composite number?
True
Let c = 15 - -22. Let f = -24 + c. Is f a composite number?
False
Suppose -4*t + 3 + 5 = 0. Let b(o) = -o**2 + 12*o + 4. Let k be b(12). Suppose l = t*j + 2, -l + k*j - 32 = -5*l. Is l prime?
False
Let s be (7 + -4)/((-6)/(-206)). Sup